t is -4050 (base 11) in base 3?
-21101020
What is -284 (base 16) in base 4?
-22010
What is 258 (base 10) in base 11?
215
What is -575 (base 13) in base 14?
-4b3
-1013 (base 9) to base 14
-3ad
Convert 17dd (base 14) to base 15.
1426
Convert 1072 (base 14) to base 15.
c99
Convert -10000212 (base 3) to base 12.
-1342
-1342 (base 5) to base 11
-192
Convert -2653 (base 9) to base 2.
-11111001000
Convert -208 (base 10) to base 2.
-11010000
Convert -220010 (base 3) to base 16.
-28b
What is -132300 (base 4) in base 3?
-2200220
-6540 (base 9) to base 13
-2265
-1526 (base 8) to base 6
-3542
Convert -5040 (base 10) to base 4.
-1032300
Convert 8b (base 12) to base 3.
10222
Convert 1695 (base 10) to base 14.
891
722 (base 9) to base 14
2dd
Convert 28340 (base 9) to base 6.
225013
-bb (base 15) to base 2
-10110000
Convert 224400 (base 5) to base 13.
38c1
111200 (base 4) to base 3
1212222
What is 1ff (base 16) in base 11?
425
What is 603 (base 8) in base 14?
1d9
Convert 324 (base 14) to base 10.
620
-1dd5 (base 15) to base 9
-8822
Convert -1251 (base 15) to base 14.
-15c9
-100110000100010 (base 2) to base 16
-4c22
What is 10111101 (base 2) in base 3?
21000
-11111011101 (base 2) to base 15
-8e3
What is -214 (base 8) in base 11?
-118
-7470 (base 12) to base 3
-122111110
1282 (base 12) to base 2
100001000010
1724 (base 12) to base 13
1348
30213 (base 4) to base 7
2232
Convert 1222120211 (base 3) to base 13.
14a1c
Convert 32113 (base 4) to base 15.
414
Convert 212321 (base 5) to base 7.
30011
Convert 97d (base 16) to base 11.
1909
What is 11110011110001 (base 2) in base 12?
9041
What is 10 (base 2) in base 14?
2
What is 11063 (base 8) in base 9?
6346
What is -6394 (base 11) in base 10?
-8452
Convert 3023 (base 6) to base 5.
10123
213322 (base 4) to base 8
4772
Convert 25152 (base 6) to base 5.
104430
-1ceb (base 16) to base 10
-7403
-296 (base 11) to base 16
-15b
Convert -510 (base 13) to base 6.
-3550
-100110101010101 (base 2) to base 5
-1113142
What is 35020 (base 6) in base 5?
124410
What is 399 (base 13) in base 16?
279
301 (base 9) to base 8
364
Convert 324233 (base 6) to base 13.
c306
What is -160 (base 16) in base 8?
-540
What is 5500 (base 12) in base 11?
703a
Convert -643 (base 8) to base 2.
-110100011
-15d5 (base 14) to base 13
-1a1b
259 (base 10) to base 3
100121
What is 587 (base 13) in base 9?
1272
Convert 776 (base 8) to base 2.
111111110
Convert -9da (base 16) to base 4.
-213122
Convert 298b (base 16) to base 10.
10635
23134 (base 6) to base 7
12421
What is 3305 (base 6) in base 2?
1011111001
Convert 142233 (base 5) to base 4.
1130313
20f (base 16) to base 15
252
Convert -2011 (base 4) to base 11.
-111
Convert 20000 (base 3) to base 16.
a2
-7a43 (base 13) to base 5
-1021444
773 (base 12) to base 13
663
Convert -750 (base 10) to base 12.
-526
14664 (base 7) to base 2
1000000010001
What is 2717 (base 10) in base 12?
16a5
Convert -27802 (base 9) to base 16.
-49bb
What is -10022101 (base 5) in base 6?
-1412431
-3461 (base 9) to base 11
-1a23
What is 104224 (base 7) in base 2?
100011101110111
-5a (base 12) to base 15
-4a
-108 (base 14) to base 6
-540
87 (base 12) to base 8
147
-5374 (base 15) to base 12
-a277
-1213323 (base 4) to base 2
-1100111111011
-1039 (base 10) to base 9
-1374
Convert 285 (base 14) to base 4.
13331
What is f920 (base 16) in base 15?
13d6b
Convert -3823 (base 13) to base 2.
-1111100100100
Convert 210 (base 12) to base 9.
363
What is -1001111101100 (base 2) in base 12?
-2b50
What is 1001001001 (base 2) in base 14?
2db
What is -13c (base 15) in base 6?
-1150
-9aa (base 15) to base 12
-1321
4003 (base 6) to base 4
31203
What is 101471 (base 8) in base 16?
8339
51553 (base 7) to base 6
134251
200222111 (base 3) to base 7
55225
What is -33333 (base 5) in base 15?
-a63
What is 10001001110011010 (base 2) in base 3?
10120210010
What is -360 (base 10) in base 9?
-440
Convert 66 (base 8) to base 9.
60
Convert -b775 (base 12) to base 15.
-5e55
-1110100 (base 2) to base 7
-224
Convert -1125 (base 10) to base 7.
-3165
Convert 21410 (base 6) to base 5.
43313
Convert 15e (base 16) to base 13.
20c
Convert 1086 (base 10) to base 8.
2076
Convert -3259 (base 16) to base 12.
-7561
35454 (base 8) to base 4
3230230
3230 (base 13) to base 15
20e8
-1055 (base 6) to base 4
-3323
Convert 202202 (base 3) to base 4.
20300
Convert -100111101110 (base 2) to base 5.
-40132
What is 496 (base 14) in base 4?
32110
-165426 (base 8) to base 6
-1142342
What is bb88 (base 12) in base 10?
20696
Convert -30a (base 16) to base 6.
-3334
What is -624 (base 10) in base 15?
-2b9
3233211 (base 4) to base 9
23026
Convert 10277 (base 8) to base 14.
17c3
Convert -131122 (base 4) to base 13.
-b1a
What is -379 (base 10) in base 9?
-461
-6001 (base 7) to base 16
-80b
-1b (base 12) to base 11
-21
Convert -1023 (base 7) to base 10.
-360
What is 103333 (base 6) in base 14?
318d
-1451 (base 10) to base 4
-112223
535424 (base 6) to base 5
2402013
11622 (base 7) to base 5
44204
-5288 (base 10) to base 12
-3088
What is -90 (base 14) in base 11?
-105
-28 (base 12) to base 15
-22
What is 302 (base 14) in base 8?
1116
Convert 134405 (base 6) to base 8.
30605
-1397 (base 10) to base 4
-111311
Convert -10152 (base 10) to base 7.
-41412
35326 (base 8) to base 5
440222
What is 110000 (base 3) in base 2?
101000100
1274 (base 15) to base 10
3934
What is 1201 (base 16) in base 6?
33201
-195 (base 13) to base 8
-443
Convert 3055 (base 6) to base 3.
221022
What is -13032 (base 5) in base 7?
-2652
What is -12623 (base 9) in base 12?
-4b26
Convert 489 (base 11) to base 2.
1001000101
What is -73423 (base 8) in base 14?
-b175
22522 (base 6) to base 5
100333
What is -134 (base 8) in base 15?
-62
-ac7 (base 13) to base 9
-2478
Convert 24524 (base 6) to base 11.
2820
Convert -1135 (base 6) to base 9.
-335
-1810 (base 12) to base 6
-21220
1000111000110010 (base 2) to base 3
1211221020
Convert 199b (base 13) to base 8.
7406
121 (base 5) to base 15
26
What is -1572 (base 8) in base 15?
-3e5
What is -11100110 (base 2) in base 16?
-e6
Convert 80b (base 12) to base 15.
528
What is -222011021 (base 3) in base 12?
-b051
-1302 (base 7) to base 3
-200020
5729 (base 14) to base 5
441004
Convert 4735 (base 8) to base 10.
2525
-12300233 (base 4) to base 11
-19898
Convert 1a6a5 (base 12) to base 7.
221501
-1221102220 (base 3) to base 4
-21111111
Convert -110111110110 (base 2) to base 9.
-4811
1111100 (base 2) to base 8
174
Convert -eedb (base 15) to base 3.
-2120102022
Convert -2231 (base 5) to base 16.
-13c
What is -646 (base 13) in base 10?
-1072
238 (base 16) to base 2
1000111000
What is 26260 (base 13) in base 4?
101101000
Convert -d71 (base 16) to base 5.
-102231
Convert 21740 (base 8) to base 3.
110121011
Convert 10110220 (base 3) to base 14.
cd1
616 (base 13) to base 5
13113
Convert -20a9 (base 13) to base 14.
-191b
What is -9655 (base 11) in base 3?
-122111210
210 (base 12) to base 5
2200
40f3 (base 16) to base 15
4dd7
Convert -2755 (base 12) to base 7.
-16130
Convert -1001011011000 (base 2) to base 7.
-20031
-100110111101 (base 2) to base 4
-212331
Convert 120132 (base 5) to base 13.
201a
Convert 361c (base 13) to base 10.
7630
12281 (base 10) to base 8
27771
-8582 (base 9) to base 7
-24254
Convert 11140 (base 5) to base 13.
492
What is -3476 (base 8) in base 2?
-11100111110
Convert 423 (base 5) to base 3.
11012
What is 4344 (base 5) in base 15?
29e
What is -220202001 (base 3) in base 5?
-1034122
-512 (base 11) to base 3
-211220
-4437 (base 11) to base 7
-23023
Convert -63c (base 15) to base 11.
-106a
Convert -40204 (base 8) to base 6.
-204244
What is 124 (base 15) in base 6?
1111
Convert 4029 (base 11) to base 15.
18c0
Convert -44269 (base 12) to base 2.
-10110000001110001
Convert -474 (base 11) to base 12.
-3b1
What is 8750 (base 9) in base 14?
24c4
3163 (base 7) to base 13
685
b09 (base 12) to base 15
713
Convert 2200 (base 9) to base 6.
11300
Convert -243 (base 10) to base 4.
-3303
What is -42033 (base 7) in base 10?
-10314
What is 15028 (base 11) in base 16?
534e
22323 (base 4) to base 7
2016
What is 4723 (base 9) in base 2?
110110110000
-1058 (base 10) to base 9
-1405
Convert 5503 (base 16) to base 13.
9ba1
192 (base 11) to base 15
ec
Convert 175 (base 16) to base 3.
111211
What is -10110200 (base 3) 